 57*b - 10*p + 20238. What are the prime factors of b?
2, 5077
Suppose 5*j = -0*c + c - 172, -4*c + 832 = 4*j. What are the prime factors of c?
2, 101
Suppose 0 = -2*o + 8*j - 4*j + 36, j + 24 = 2*o. Let b(l) = l**2 - 9*l - 8. Let i be b(o). What are the prime factors of (42 - 9)*2/i?
3, 11
Let q(m) = -m - 11. Let x be q(-9). Let w be (-1)/x*(-96 + -2). Let n = -33 - w. List the prime factors of n.
2
Suppose -5*m - 9 = 11. Let s be (m - 142/(-4))*(-2)/(-3). Let f = s + -7. What are the prime factors of f?
2, 7
List the prime factors of ((-792236)/(-186))/(6/27).
3, 6389
Suppose 0 = f + 4*a - 8991, 649*a = 4*f + 651*a - 35908. List the prime factors of f.
5, 359
Suppose -508*d - 3344633 = -650*d + 1491887. What are the prime factors of d?
2, 5, 13, 131
Let d be 34 + -2 + -6 + 6. Suppose i - 9*i = -d. Suppose 4*y = -5*w + 8*y + 277, 3*w - i*y = 171. What are the prime factors of w?
53
Suppose -3*o - 4*c - 52 = 2*o, o - 4*c - 4 = 0. Let z(w) be the first derivative of w**4/4 + 8*w**3/3 - 3*w**2 - 4*w - 692. List the prime factors of z(o).
2, 11
Suppose 18694 = 31*x - 190153. What are the prime factors of x?
6737
Let s(l) = 231*l - 448. List the prime factors of s(31).
7, 137
Suppose -3*p + 0*p + 21 = 0. Let l be 12/4*-1*p. Let c = 21 - l. List the prime factors of c.
2, 3, 7
Let g = 349 + 7203. Suppose -14*r + g + 4726 = 0. List the prime factors of r.
877
Suppose -2244599 - 4857195 = -94*q. List the prime factors of q.
7, 43, 251
Suppose 48 = s - 107. Let v be (-1583370)/(-5913) - (4/(-18) + 0). Let o = v - s. What are the prime factors of o?
113
Let u(m) = -m**2 - 16*m + 57. Let d be u(3). Let l be (-4)/10 + (-152)/(-5). List the prime factors of (18/l)/((-2)/(-470) + d).
3, 47
What are the prime factors of (41569*30/275)/(3*1/15)?
2, 3, 3779
Suppose -61*n = -3*r - 60*n + 20462, 4*n + 20477 = 3*r. List the prime factors of r.
3, 2273
Let g be 1*50513/(-2) - (-8)/16. List the prime factors of (-1)/(1/(-4) + (-6226)/g).
7, 41
Let t = 764 - 761. Suppose 0 = -3*c - 0*c - g + 2440, 5*g = t*c - 2470. List the prime factors of c.
5, 163
List the prime factors of (-234)/(-29) + (-60)/870 + 5858.
2, 7, 419
Let a = -8828 + 23337. List the prime factors of a.
11, 1319
Suppose 20*v = 4*v + 58272. List the prime factors of v.
2, 3, 607
Let i = 85 + -83. List the prime factors of (-4)/(510/(-1004) + 1/i).
2, 251
Let m = -113 + 67. Let z = m - -46. Suppose 111*l - 108*l - 504 = z. List the prime factors of l.
2, 3, 7
List the prime factors of (-588)/(-1568) + (-762202)/(-16).
2, 23819
Suppose 0 = -5*g - 20, -x + 0*x = 3*g - 1515. Let b = 2190 - x. What are the prime factors of b?
3, 13, 17
Suppose 21 = -5*h - 2*h. Let z be (h/((-18)/(-12)))/((-2)/7). Suppose -736 = -z*w + 13. List the prime factors of w.
107
Suppose 2*z - 11286 = -9*z. What are the prime factors of (-20)/(-6)*z/45?
2, 19
Suppose 4*p - 6*p + 4 = 0. Suppose 6*g + 376 = p*l + 4*g, 4*l = -g + 737. What are the prime factors of l?
5, 37
Let q = -9307 + 16744. List the prime factors of q.
3, 37, 67
Let r(b) be the first derivative of b**4/4 - 9*b**3 + 19*b**2 + 35*b + 201. What are the prime factors of r(27)?
1061
Let h(p) = 2*p**2 + 55*p - 74. Let a be h(-22). Let z be (90/4)/((-2)/12). Let i = z - a. What are the prime factors of i?
181
Let u = 16519 - 83. List the prime factors of u.
2, 7, 587
Let c(o) = 85*o - 23. Let x = -33 + 47. What are the prime factors of c(x)?
3, 389
Suppose 0 = -2*h + 6, 5*h + 13909 - 109801 = -3*m. List the prime factors of m.
3, 53, 67
Suppose 0 = -5*b + 3*z + 13, z + 3 - 17 = -2*b. Let r be 8 - 1 - (-4)/(-1). Suppose -b*u + 5*k = -12 - 3, r*u = -3*k + 3. What are the prime factors of u?
2
Let q = -400 - -399. What are the prime factors of (-1138)/q - (27 + -19)?
2, 5, 113
Suppose -5*i + 133 + 17 = 0. Let r be 129 + -35 - 14/1. Suppose -28*o + i*o - r = 0. What are the prime factors of o?
2, 5
Let s(x) = -3*x**3 - 44*x**2 + 31*x + 38. What are the prime factors of s(-17)?
2, 13, 59
What are the prime factors of 547914/1590*(-20)/(-1)?
2, 1723
Let l(j) = 7*j - 41. Let k be l(11). Let g = -28 + k. Suppose -2148 = -4*m - g*m. What are the prime factors of m?
179
Let a = -56804 - -96889. What are the prime factors of a?
5, 8017
Suppose -657 = -5*g + 953. Let k = g - 9. List the prime factors of k.
313
Let k(s) be the first derivative of -s**4/4 - s**3/3 + 3*s**2/2 - 3*s + 71. What are the prime factors of k(-4)?
3, 11
Let d(b) = 65*b**2 - 82*b - 1717. List the prime factors of d(-26).
3, 5, 2957
Let s = 135508 + -89524. List the prime factors of s.
2, 3, 479
Suppose 76*s = -8*b + 78*s + 145078, 2*b + 5*s = 36231. What are the prime factors of b?
18133
Let b = 76 + -34. Suppose -5*k - 4*q + 455 = 0, -k - 16*q + 70 = -11*q. Let f = k - b. What are the prime factors of f?
53
Suppose p = -2*p + 150368 + 8287. What are the prime factors of p?
5, 7, 1511
Let m = 67124 + -29267. What are the prime factors of m?
3, 12619
Suppose 5*a = -4*o + 15432, o - 3*a = -4*o + 19327. What are the prime factors of o?
3863
What are the prime factors of 38709/14 + (-35 - -13)/(-308)?
5, 7, 79
Suppose -4*a = -4*u + 69348, 21*a + 17325 = u + 18*a. List the prime factors of u.
3, 41, 47
Suppose 0*y = 5*y - 2*p + 360, 3*y + 217 = p. Let q = -72 + y. Let v = q - -210. What are the prime factors of v?
2
Let j be 6 + 491 - (-3 - 1). Suppose -8*n - 2061 = -j. Let o = 116 - n. List the prime factors of o.
311
Suppose 0 = -0*y - 3*y - 63. Let j(r) = -r**3 - 20*r**2 + 23*r + 19. Let i be j(y). Let u(a) = -2*a + 24. What are the prime factors of u(i)?
2, 5, 7
Let f = -10758 - -29302. What are the prime factors of f?
2, 19, 61
Let r = 5548 - -1766. What are the prime factors of r?
2, 3, 23, 53
Let m(w) = -14*w + w + 58*w**2 + 8 - 60*w**2. Let x be m(-7). List the prime factors of (-111)/(-6)*(x - -1).
37
Suppose -1881 = -4*n - c, 67*n - 4*c - 918 = 65*n. What are the prime factors of n?
7, 67
Let b = 2608 + -2005. List the prime factors of b.
3, 67
Suppose 28*j = -2*s + 23*j - 12, 5*j + 40 = 5*s. Suppose -303 = -q + 8*z - 3*z, 0 = -s*q - z + 1275. What are the prime factors of q?
2, 3, 53
Let z(a) = 1. Let s(q) = -49*q - 148. Let m(f) = s(f) - 5*z(f). What are the prime factors of m(-27)?
2, 3, 5, 13
What are the prime factors of (9 + -10)/(3*-1)*18210?
2, 5, 607
Let m be (4/3)/(2*2/(-6)). Let r = 2 + m. Suppose 3*v + 0*v - w - 107 = r, 0 = 3*v + 2*w - 92. List the prime factors of v.
2, 17
Let p(x) = -x**2 - 3*x - 40. Let u be p(15). Let v = u - -609. List the prime factors of v.
13, 23
Suppose -5*c + 3*c - 2*f + 2890 = 0, -5*f = -7*c + 10199. What are the prime factors of c?
2, 3, 11
Suppose 26 = 13*z - 26. Suppose -z*k = -240 - 924. List the prime factors of k.
3, 97
Let a(p) = 34*p - 913. Let r be a(27). Let q = 7 + 2. Let h = r + q. What are the prime factors of h?
2, 7
Let s(z) = z**3 - 6*z**2 - 18*z - 1. Let j = -20 + 81. Suppose -2*p + 43 = -5*n, j = p + 3*p - 5*n. What are the prime factors of s(p)?
2, 5
Let z(p) = 18*p**2 + 14*p + 114. Let s be z(-8). What are the prime factors of (18/(-12))/(2/4) + s?
1151
Let c be -4 + 5 + 5 + 0 + -1. Suppose -c*u - 2*j = -384, -4*u - 5*j + 306 = -3*j. What are the prime factors of u?
2, 3, 13
Let u be -4*1/(-26) - (-3906)/(-39). Let v be 5/((-2)/u*5). Suppose -2*q - 4*d + 18 + v = 0, q = -3*d + 39. List the prime factors of q.
2, 3
Let m(l) = -220*l + 113. Suppose -2*i - 24*n = -28*n + 28, 0 = -n + 5. List the prime factors of m(i).
3, 331
Suppose -25012 + 124402 = 5*b - m, 39779 = 2*b - 5*m. What are the prime factors of b?
11, 13, 139
Let t(l) = -282*l - 2599. What are the prime factors of t(-35)?
11, 661
Suppose 4*b - 8994 = 5*l - 6*l, l + 11229 = 5*b. List the prime factors of b.
3, 7, 107
Let c(n) = 3*n - 28. Let d be c(10). Suppose d*r + 988 = 2*v, v + 5*r = 3*v - 1000. Suppose 3*s = -40 + v. List the prime factors of s.
2, 3, 5
Let t(v) = 6*v + 13. Suppose 2*r = 5*l - 3, 2*r - 2*l - 1 = 5. Suppose r*i + 22 = 148. List the prime factors of t(i).
139
List the prime factors of (-61234)/(-3)*(-9)/(-4)*(-8)/(-12).
17, 1801
Suppose -981 - 844 = -5*m. Suppose 0 = -10*d + m - 5. Let f = 12 + d. What are the prime factors of f?
2, 3
What are the prime factors of 0 + (959 - (-2 + -11))?
2, 3
List the prime factors of (5562/135)/(14/2555).
73, 103
Let u = -35 